 (base 9) in base 11?
-4
Convert -58 (base 12) to base 8.
-104
What is -4 (base 11) in base 14?
-4
What is 210 (base 4) in base 8?
44
Convert 252 (base 6) to base 12.
88
What is 1 (base 15) in base 12?
1
What is -1 (base 3) in base 2?
-1
What is 0 (base 13) in base 6?
0
3b (base 14) to base 2
110101
What is 16 (base 12) in base 11?
17
What is -3 (base 15) in base 16?
-3
44 (base 9) to base 3
1111
-2b (base 12) to base 4
-203
98 (base 12) to base 10
116
Convert 100 (base 2) to base 14.
4
What is 4 (base 13) in base 15?
4
11 (base 3) to base 11
4
Convert -13 (base 5) to base 12.
-8
-2 (base 13) to base 10
-2
Convert -20 (base 3) to base 16.
-6
Convert 2 (base 5) to base 13.
2
Convert -3 (base 9) to base 3.
-10
30 (base 7) to base 11
1a
-12212 (base 3) to base 2
-10011110
Convert 12 (base 10) to base 14.
c
19 (base 14) to base 10
23
-1000 (base 3) to base 6
-43
Convert -2a (base 11) to base 4.
-200
Convert -17 (base 8) to base 5.
-30
What is -30 (base 6) in base 16?
-12
What is -111220 (base 3) in base 2?
-101110111
23 (base 5) to base 12
11
-141 (base 13) to base 4
-3132
What is -20 (base 3) in base 8?
-6
What is -15 (base 16) in base 2?
-10101
What is 2 (base 15) in base 6?
2
-145 (base 15) to base 6
-1202
Convert 1 (base 9) to base 4.
1
What is -2 (base 9) in base 6?
-2
Convert -2 (base 8) to base 7.
-2
Convert -29 (base 11) to base 7.
-43
Convert -12 (base 6) to base 5.
-13
-11 (base 8) to base 14
-9
-2 (base 14) to base 16
-2
3 (base 9) to base 7
3
What is -5 (base 15) in base 2?
-101
Convert 2 (base 6) to base 11.
2
101010100 (base 2) to base 7
664
What is -16 (base 8) in base 11?
-13
What is 101 (base 2) in base 9?
5
Convert 1 (base 8) to base 5.
1
Convert 13 (base 7) to base 14.
a
-4a (base 12) to base 11
-53
1 (base 13) to base 5
1
67 (base 13) to base 7
151
Convert -10 (base 2) to base 4.
-2
Convert 100 (base 2) to base 6.
4
-21 (base 13) to base 3
-1000
-18 (base 14) to base 13
-19
What is 208 (base 9) in base 11?
145
What is 65 (base 13) in base 12?
6b
-5 (base 11) to base 4
-11
What is 2 (base 13) in base 5?
2
What is 45 (base 7) in base 11?
30
Convert 8b (base 14) to base 2.
1111011
-17 (base 16) to base 3
-212
Convert -3 (base 4) to base 7.
-3
5 (base 16) to base 8
5
-1001 (base 4) to base 2
-1000001
a (base 16) to base 15
a
-c (base 15) to base 7
-15
11 (base 13) to base 2
1110
What is -3a (base 16) in base 6?
-134
Convert 9 (base 12) to base 14.
9
-10000 (base 2) to base 7
-22
Convert -1 (base 16) to base 15.
-1
What is -10 (base 6) in base 15?
-6
What is -57 (base 16) in base 11?
-7a
Convert -61 (base 15) to base 3.
-10101
What is 310 (base 7) in base 5?
1104
Convert 465 (base 7) to base 8.
363
Convert 24 (base 12) to base 9.
31
3 (base 12) to base 15
3
Convert 1 (base 9) to base 12.
1
What is -127 (base 9) in base 10?
-106
-300 (base 4) to base 5
-143
Convert -13 (base 11) to base 2.
-1110
Convert 2 (base 13) to base 8.
2
What is -1112 (base 5) in base 16?
-9d
What is 4b (base 14) in base 3?
2111
What is -1 (base 16) in base 9?
-1
Convert 1 (base 9) to base 14.
1
Convert 63 (base 15) to base 12.
79
Convert 0 (base 16) to base 4.
0
What is -3 (base 13) in base 4?
-3
What is -9 (base 15) in base 11?
-9
7 (base 11) to base 4
13
Convert 19 (base 11) to base 6.
32
114 (base 15) to base 4
3310
Convert 7 (base 12) to base 7.
10
1021 (base 3) to base 2
100010
What is -10 (base 14) in base 13?
-11
What is -63 (base 8) in base 13?
-3c
What is -201 (base 7) in base 4?
-1203
-101 (base 2) to base 7
-5
-7 (base 9) to base 10
-7
7 (base 11) to base 8
7
-300 (base 5) to base 7
-135
Convert 16 (base 10) to base 4.
100
Convert -3c (base 13) to base 11.
-47
What is 22 (base 12) in base 7?
35
-26 (base 8) to base 4
-112
Convert 0 (base 9) to base 11.
0
-5 (base 13) to base 9
-5
Convert -3 (base 11) to base 7.
-3
145 (base 10) to base 13
b2
What is 24 (base 14) in base 15?
22
What is 26 (base 15) in base 14?
28
115 (base 7) to base 12
51
21 (base 7) to base 10
15
What is 5 (base 10) in base 5?
10
Convert 0 (base 5) to base 2.
0
-6 (base 8) to base 15
-6
What is 2 (base 11) in base 6?
2
What is -23 (base 12) in base 16?
-1b
Convert 0 (base 3) to base 13.
0
1110 (base 6) to base 4
10002
-172 (base 13) to base 6
-1114
Convert -1 (base 15) to base 11.
-1
What is 14 (base 6) in base 14?
a
-118 (base 11) to base 9
-165
Convert -14 (base 6) to base 16.
-a
What is -40 (base 7) in base 13?
-22
What is 221 (base 3) in base 14?
1b
Convert -25 (base 11) to base 16.
-1b
What is -7 (base 11) in base 3?
-21
What is 215 (base 6) in base 2?
1010011
17 (base 9) to base 7
22
What is 10000 (base 3) in base 9?
100
What is 26 (base 10) in base 11?
24
What is 10 (base 2) in base 5?
2
Convert 100111101 (base 2) to base 8.
475
Convert 5 (base 6) to base 5.
10
11 (base 13) to base 3
112
What is -11 (base 3) in base 9?
-4
-11100 (base 2) to base 9
-31
Convert -212 (base 3) to base 16.
-17
Convert 4 (base 11) to base 5.
4
-8 (base 14) to base 2
-1000
2 (base 15) to base 9
2
What is 3 (base 14) in base 7?
3
Convert -4 (base 15) to base 12.
-4
Convert -11010 (base 3) to base 5.
-421
-6 (base 16) to base 3
-20
What is -8 (base 12) in base 4?
-20
-267 (base 9) to base 15
-ed
Convert 1 (base 16) to base 15.
1
Convert -37 (base 16) to base 9.
-61
Convert 1232 (base 4) to base 3.
11002
What is -65 (base 15) in base 3?
-10112
Convert 0 (base 14) to base 2.
0
Convert -5 (base 14) to base 7.
-5
0 (base 16) to base 13
0
Convert 186 (base 9) to base 16.
9f
Convert 341 (base 7) to base 14.
c8
What is 111 (base 4) in base 9?
23
What is -8 (base 9) in base 6?
-12
Convert -3 (base 13) to base 10.
-3
Convert 33 (base 13) to base 14.
30
13 (base 9) to base 12
10
Convert 0 (base 6) to base 8.
0
What is e0 (base 15) in base 7?
420
50 (base 7) to base 2
100011
Convert -224 (base 8) to base 2.
-10010100
Convert -221 (base 6) to base 16.
-55
d (base 15) to base 10
13
What is 105 (base 9) in base 4?
1112
Convert 8 (base 9) to base 2.
1000
What is -11100 (base 3) in base 6?
-313
Convert 3 (base 11) to base 6.
3
What is -313 (base 9) in base 13?
-168
Convert -1 (base 4) to base 12.
-1
3 (base 13) to base 11
3
Convert 1 (base 4) to base 7.
1
Convert -12 (base 3) to base 14.
-5
28 (base 15) to base 5
123
Convert -5 (base 6) to base 13.
-5
What is -23 (base 7) in base 12?
-15
What is -3 (base 9) in base 13?
-3
-16 (base 10) to base 15
-11
Convert 1000011 (base 2) to base 8.
103
What is -7 (base 11) in base 14?
-7
Convert 11020 (base 3) to base 11.
a4
-330 (base 6) to base 16
-7e
What is -1 (base 4) in base 15?
-1
Convert -301 (base 5) to base 11.
-6a
What is -26 (base 11) in base 5?
-103
What is -13 (base 12) in base 9?
-16
3 (base 6) to base 14
3
-26 (base 8) to base 16
-16
12 (base 13) to base 2
1111
102011 (base 3) to base 8
455
What is -1020 (base 3) in base 7?
-45
14 (base 13) to base 11
16
Convert -2d (base 14) to base 3.
-1112
Convert -3 (base 5) to base 4.
-3
Convert -1 (base 13) to base 7.
-1
Convert -9 (base 16) to base 4.
-21
3 (base 9) to base 7
3
Convert -320 (base 4) to base 12.
-48
Convert -1001110 (base 2) to base 5.
-303
What is 100 (base 4) in base 11?
15
Convert -101111 (base 2) to base 8.
-57
What is 3 (base 6) in base 14?
3
-41 (base 11) to base 5
-140
Convert -1 (base 7) to base 12.
-1
-cc (base 14) to base 3
-20200
What is -21 (base 4) in base 6?
-13
What is 4 (base 10) in base 16?
4
Convert 1 (base 14) to base 11.
1
11 (base 4) to base 9
5
Convert -5 (base 8) to base 4.
-11
7 (base 8) to base 9
7
Convert 81 (base 11) to base 15.
5e
14 (base 10) to base 4
32
3 (base 9) to base 15
3
-7 (base 16) to base 7
-10
What is -68 (base 14) in base 9?
-112
2b (base 14) to base 3
1110
Convert -1302 (base 5) to base 6.
-534
Convert 35 (base 16) to base 3.
1222
Convert 122 (base 5) to base 13.
2b
Convert 57 (base 11) to base 4.
332
1 (base 2) to base 11
1
Convert 1101011 (base 2) to base 14.
79
What is 4 (base 9) in base 8?
4
What is -8 (base 11) in base 7?
-11
Convert -12022 (base 3) to base 9.
-168
Convert -9 (base 16) to base 3.
-100
10 (base 7) to base 3
21
What is 5 (base 9) in base 14?
5
What is -1 (base 6) in base 12?
-1
Convert 3 (base 9) to base 3.
10
5 (base 6) to base 13
5
Convert -46 (base 12) to base 5.
-204
What is 24 (base 7) in base 6?
30
What is 1020 (base 3) in base 16?
2